{"id":4,"date":"2023-02-05T18:11:20","date_gmt":"2023-02-05T18:11:20","guid":{"rendered":"https:\/\/gft-oberpfalz.de\/?page_id=4"},"modified":"2026-03-04T21:15:13","modified_gmt":"2026-03-04T21:15:13","slug":"willkommen-auf-https-gft-oberpfalz-de","status":"publish","type":"page","link":"https:\/\/gft-oberpfalz.de\/","title":{"rendered":"Willkommen auf unserer Homepage"},"content":{"rendered":"\n<p>Sch\u00f6n dass Sie unsere Seite besuchen &#8230;..<\/p>\n\n\n\n<p class=\"has-text-align-center\">W\u00e4hle bitte <strong><mark style=\"background-color:#2a8cc5\" class=\"has-inline-color has-white-color\">oben rechts den gew\u00fcnschten Men\u00fc<\/mark><\/strong>-Punkt<\/p>\n\n\n\n<p><img loading=\"lazy\" decoding=\"async\" width=\"100\" height=\"98\" class=\"wp-image-21\" style=\"width: 100px;\" src=\"https:\/\/gft-oberpfalz.de\/wp-content\/uploads\/2023\/02\/GFT_Logo_Termine.jpg\" alt=\"\" srcset=\"https:\/\/gft-oberpfalz.de\/wp-content\/uploads\/2023\/02\/GFT_Logo_Termine.jpg 500w, https:\/\/gft-oberpfalz.de\/wp-content\/uploads\/2023\/02\/GFT_Logo_Termine-300x293.jpg 300w\" sizes=\"auto, (max-width: 100px) 100vw, 100px\" \/> Die JahresTermine f\u00fcr das Jahr <strong>2026 sind terminiert <\/strong>. . . <br>Unsere Mitglieder bekamen die Termine per Mail zugestellt.<br>Hier zu allen Terminen und Fortbildungen <a href=\"https:\/\/gft-oberpfalz.de\/?p=109\" target=\"_blank\" rel=\"noreferrer noopener\">[hier klicken]<\/a> <br>bzw. die <strong>Termine f\u00fcr Jahr 2026<\/strong> <a href=\"https:\/\/gft-oberpfalz.de\/wp-content\/uploads\/2026\/03\/2026_Infos_Termine.pdf\" target=\"_blank\" rel=\"noreferrer noopener\">[hier klicken]<\/a>.<\/p>\n\n\n\n<p><img loading=\"lazy\" decoding=\"async\" width=\"60\" height=\"53\" class=\"wp-image-6\" style=\"width: 60px;\" src=\"https:\/\/gft-oberpfalz.de\/wp-content\/uploads\/2023\/02\/GFT_Logo.jpg\" alt=\"\" srcset=\"https:\/\/gft-oberpfalz.de\/wp-content\/uploads\/2023\/02\/GFT_Logo.jpg 597w, https:\/\/gft-oberpfalz.de\/wp-content\/uploads\/2023\/02\/GFT_Logo-300x263.jpg 300w\" sizes=\"auto, (max-width: 60px) 100vw, 60px\" \/>Hier kann der Mitgliedsantrag heruntergeladen werden: <a href=\"https:\/\/gft-oberpfalz.de\/wp-content\/uploads\/2024\/03\/mitgliedsantrag.pdf\" target=\"_blank\" rel=\"noreferrer noopener\">[bitte klicken]<\/a> <\/p>\n\n\n\n<figure class=\"wp-block-image size-full\"><img loading=\"lazy\" decoding=\"async\" width=\"597\" height=\"524\" src=\"https:\/\/gft-oberpfalz.de\/wp-content\/uploads\/2025\/08\/GFT_Logo-eV.jpg\" alt=\"\" class=\"wp-image-552\" srcset=\"https:\/\/gft-oberpfalz.de\/wp-content\/uploads\/2025\/08\/GFT_Logo-eV.jpg 597w, https:\/\/gft-oberpfalz.de\/wp-content\/uploads\/2025\/08\/GFT_Logo-eV-300x263.jpg 300w\" sizes=\"auto, (max-width: 597px) 100vw, 597px\" \/><\/figure>\n\n\n\n<p><a href=\"https:\/\/gft-oberpfalz.de\/?p=103\">Impressum<\/a> . . . . . . . . . . . . . . . . . . . .<a href=\"https:\/\/gft-oberpfalz.de\/?p=441\">Datenschutzerkl\u00e4rung<\/a><\/p>\n","protected":false},"excerpt":{"rendered":"<p>Sch\u00f6n dass Sie unsere Seite besuchen &#8230;.. W\u00e4hle bitte oben rechts den gew\u00fcnschten Men\u00fc-Punkt Die JahresTermine f\u00fcr das Jahr 2026 sind terminiert . . . Unsere Mitglieder bekamen die Termine [&hellip;]<\/p>\n","protected":false},"author":1,"featured_media":6,"parent":0,"menu_order":0,"comment_status":"closed","ping_status":"open","template":"","meta":{"footnotes":""},"class_list":["post-4","page","type-page","status-publish","has-post-thumbnail","hentry"],"_links":{"self":[{"href":"https:\/\/gft-oberpfalz.de\/index.php?rest_route=\/wp\/v2\/pages\/4","targetHints":{"allow":["GET"]}}],"collection":[{"href":"https:\/\/gft-oberpfalz.de\/index.php?rest_route=\/wp\/v2\/pages"}],"about":[{"href":"https:\/\/gft-oberpfalz.de\/index.php?rest_route=\/wp\/v2\/types\/page"}],"author":[{"embeddable":true,"href":"https:\/\/gft-oberpfalz.de\/index.php?rest_route=\/wp\/v2\/users\/1"}],"replies":[{"embeddable":true,"href":"https:\/\/gft-oberpfalz.de\/index.php?rest_route=%2Fwp%2Fv2%2Fcomments&post=4"}],"version-history":[{"count":97,"href":"https:\/\/gft-oberpfalz.de\/index.php?rest_route=\/wp\/v2\/pages\/4\/revisions"}],"predecessor-version":[{"id":666,"href":"https:\/\/gft-oberpfalz.de\/index.php?rest_route=\/wp\/v2\/pages\/4\/revisions\/666"}],"wp:featuredmedia":[{"embeddable":true,"href":"https:\/\/gft-oberpfalz.de\/index.php?rest_route=\/wp\/v2\/media\/6"}],"wp:attachment":[{"href":"https:\/\/gft-oberpfalz.de\/index.php?rest_route=%2Fwp%2Fv2%2Fmedia&parent=4"}],"curies":[{"name":"wp","href":"https:\/\/api.w.org\/{rel}","templated":true}]}}